pose 2*x + 2*x = 8. Suppose -x*t + 81 = -73. Calculate the highest common divisor of t and 11.
11
Let m be (-36)/10*(1 + (-78)/3). What is the greatest common factor of 60 and m?
30
Let j = -82 + 139. What is the highest common divisor of j and 38?
19
Let z(d) = 3*d - 4. Let j be z(10). Calculate the highest common factor of 26 and j.
26
Suppose 14 = 8*s - 3*s - k, 2*s + 4*k = 10. Suppose 2*u - 2*r = 28, -s*u - 42 = -7*u - 3*r. Calculate the highest common divisor of 12 and u.
12
Let u(v) = v**2 + 5*v - 4. Let a be u(-6). Suppose 4 = -5*d + 14. What is the highest common factor of a and d?
2
Suppose 0 = 3*g + 3, -4*k = -g + 5*g. Calculate the greatest common divisor of k and 8.
1
Let z(n) be the first derivative of -n**4/4 - 5*n**3/3 - 3*n**2/2 + 4*n - 4. Let x be z(-5). What is the highest common factor of x and 171?
19
Let q = -50 + 102. Suppose 0 = 2*b + 5*p - 26, -5*p - 26 = -2*b - 3*p. What is the greatest common factor of b and q?
13
Let t(z) = -135 + 3*z + 135. Let f be t(8). Suppose 6*d - 2*d - 8 = -4*m, 0 = 4*d + 4. What is the greatest common factor of f and m?
3
Suppose -250 - 10 = -4*v. Let t be 1*78/((-3)/(-1)). Calculate the greatest common factor of t and v.
13
Let g = 9 - -5. What is the highest common factor of g and 7?
7
Let u(t) = -t**3 + 14*t**2 - 22*t + 10. Let w be u(12). Let c be 1/(-2)*(-33 + -1). Calculate the highest common divisor of c and w.
17
Suppose -t + 219 = -4*t. Let k = -40 - t. Suppose -3*j = -b + 3, j + 3 = b - 0. Calculate the highest common factor of b and k.
3
Let l(h) = -h**3 + 5*h**2 + h + 2. Let k be l(4). Suppose -t + k = t. Let y = -240 + 361. Calculate the greatest common divisor of y and t.
11
Let t(y) = -y**3 + y**2 + y + 50. Let x = -3 - -3. Let a be t(x). What is the highest common factor of a and 20?
10
Suppose -2*c = -3*h - 18, -c - 3*c - 6 = h. Let y be (h/2)/(-3)*98. Calculate the highest common divisor of y and 14.
14
Let d = 30 - -35. Calculate the greatest common divisor of d and 39.
13
Let r(o) = 7*o - 4. Let w be r(4). Let b = 390 - 174. Calculate the highest common divisor of w and b.
24
Let i = -24 + 51. What is the highest common factor of i and 9?
9
Suppose 3*u + 4*g + 52 = 5*u, -2*u + 47 = -3*g. Suppose 5*d = 4*j - 19 - u, 3*j = -4*d + 34. Calculate the greatest common factor of 70 and j.
10
Suppose 6*v - 52 = -4*m + 2*v, 0 = 2*m + v - 23. Calculate the highest common factor of 5 and m.
5
Suppose -2*g + 23 = -5*w, -4 = 2*g + 3*w - 3. What is the highest common factor of 28 and g?
4
Suppose -1 + 3 = j. Let x(s) = 8*s**2 + 2*s + 1. Let r be x(3). Suppose j*c + 5*k - 20 = -0*c, r = 5*c - 2*k. What is the highest common divisor of c and 120?
15
Let z(q) = -28*q + 5. Let n be z(-5). Let u = n - 61. Suppose 39 = -5*k + 99. Calculate the highest common factor of k and u.
12
Suppose 42 - 232 = -5*s. Suppose -10 = -3*z + s. What is the highest common divisor of 128 and z?
16
Let p(b) = 2*b - 3. Let i be p(4). Calculate the highest common divisor of i and 20.
5
Let j = -46 - -52. Calculate the greatest common divisor of j and 3.
3
Suppose 3*p = -9 + 51. Suppose 0 = 2*o - o - 7. Calculate the greatest common factor of o and p.
7
Suppose 44 = -3*p + 4*p. What is the greatest common factor of p and 4?
4
Let u be (-1)/(-5) + (-114)/(-5). Suppose 3*f + 5*g = -u - 10, 3*g + 27 = -3*f. Let d = f + 16. What is the greatest common factor of 25 and d?
5
Let u(y) = 5*y**2 - 4*y - 10. Let k be u(-2). What is the highest common divisor of 9 and k?
9
Suppose 1018 = 5*b - 27. Suppose -48 = -2*f + 5*p, 5*f = 6*f + 2*p - 15. Calculate the highest common factor of b and f.
19
Suppose -180 = -s - s. Calculate the highest common factor of 10 and s.
10
Suppose 0 = d + 3*q - 53, 5*q + 25 = 3*d - 120. What is the highest common factor of 10 and d?
10
Let f(z) = z**3 + 12*z**2 - 3*z - 3. Let u = -18 + 6. Let t be f(u). What is the highest common factor of 11 and t?
11
Let b = -8 + 12. Suppose b*l - f = -0*f + 29, -2*l + 2*f + 16 = 0. Calculate the highest common factor of 14 and l.
7
Suppose -180 = 4*r - 7*r. Let s = -23 + 46. Let w = 35 - s. Calculate the highest common factor of r and w.
12
Let b be -32*((-2)/8)/(5/20). What is the highest common divisor of 352 and b?
32
Let h be 114/4 + 1/(-2). What is the greatest common factor of h and 14?
14
Suppose 0 = 2*r + 5*w, -4*w - 21 = -3*r - w. Suppose r*j = 7*j - 30. Calculate the highest common divisor of j and 10.
5
Let n(o) = -o**3 + 7*o**2 + o - 2. Let f be n(7). Let l(m) = m**2 + m + 4. Let a be l(-3). What is the highest common factor of f and a?
5
Let h = -75 + 127. Calculate the highest common divisor of 4 and h.
4
Let x = 7 + -6. Let z(k) be the second derivative of -k**3/3 - 7*k**2/2 + k. Let s be z(-7). Calculate the highest common factor of x and s.
1
Suppose -2*u + 6 = -5*u. Let t = u + 9. What is the highest common divisor of 35 and t?
7
Suppose -4*l + 97 = -3*h, 0 = 3*l - 4*l + 4*h + 8. Suppose -390 + 150 = 4*s. Let k = s + 130. Calculate the greatest common divisor of k and l.
14
Let l = -37 - -61. Calculate the highest common factor of l and 60.
12
Suppose 4*j = -5*g + 74 + 83, 2*g = j - 49. Suppose -j - 57 = -5*z. Let v be (-1 + 3)/2 + 3. What is the greatest common divisor of z and v?
4
Suppose -2*p + a = -29, 11 = -3*p + 3*a + 62. What is the highest common divisor of 84 and p?
12
Let z be 2/7 + (-9)/7. Let w be (2/(-3))/(z/198). Calculate the highest common factor of 12 and w.
12
Suppose 0 = -10*t - 4*t + 1050. What is the greatest common divisor of t and 30?
15
Let n(h) = 6*h**2 - 5*h - 1. Let j be n(-4). Let r = j + 11. Calculate the highest common divisor of r and 18.
18
Let f be -1 + 3 + 0 + -33. Let w be f/(-11) + (-2)/(-11). Suppose -4*v + 45 = -0*v + 3*y, 3*v - w*y = 18. Calculate the highest common divisor of 1 and v.
1
Suppose 0 = 3*h - 33 - 3. Suppose 2*r - 72 = 4*w, -9 = 3*w - 0*w. Calculate the highest common factor of h and r.
6
Suppose -5*x + 15 = 0, -5*p - 4*x + 509 = 197. Calculate the greatest common divisor of p and 20.
20
Let y = 109 + -52. Let t be (0 - y)*3/(-9). What is the highest common factor of t and 171?
19
Let v be (-1 + 2)*12*36. Suppose -5*u = k - 108, -4*k - u + v = u. What is the greatest common factor of 12 and k?
12
Let t be (-1254)/(-39) + (-14)/91. What is the highest common divisor of 96 and t?
32
Let w(n) = 14*n**2 + 3*n - 4. Let y(a) = 15*a**2 + 4*a - 5. Let i(j) = 5*w(j) - 4*y(j). Let g be i(-1). What is the highest common factor of g and 77?
11
Suppose 0 = -5*a + 20, 2*z - 10 = -a + 2. Let r be (-24)/(-1) - (z - 2). Calculate the greatest common divisor of 88 and r.
22
Let d(p) = p + 10. Let w be d(-8). Suppose -r + 108 = 3*u, w*r - 3*u - 31 = 167. Suppose -5*b + r = -18. What is the greatest common factor of b and 16?
8
Let p = 1527 + -1091. Let h = -238 + p. Suppose -x + h = x. What is the greatest common divisor of x and 11?
11
Let u(z) = z**2 + z - 4. Let l be u(-3). Suppose 2 = o + l*b - 1, 0 = -o + 2*b - 1. Suppose -1 = 5*h - 11. What is the greatest common divisor of o and h?
1
Suppose 5*k + 38 = -4*c + 5*c, 2*c - 76 = -2*k. What is the highest common divisor of c and 19?
19
Suppose 13 = -4*r - 3*j, 3*r - j - j - 3 = 0. Let z be r/(41/(-10) + 4). Calculate the greatest common factor of 5 and z.
5
Let f(k) = 4*k + 34. Let t be f(8). Calculate the highest common factor of t and 6.
6
Suppose -2*j = 3*i - 16, 3*j - 24 = 2*i - 0*i. Let l = j + 3. Calculate the greatest common divisor of 11 and l.
11
Let u(y) = -y**2 - 10*y. Let d be u(-9). Calculate the highest common factor of 6 and d.
3
Let r = 13 - 7. Let t be (r - 4)/(4/90). What is the highest common divisor of 15 and t?
15
Let g = 17 + -35. Let i = -2 - g. Calculate the greatest common factor of i and 8.
8
Suppose 5*b + 60 = 5*k, 0*k + 2*b = -k - 3. Calculate the greatest common factor of 35 and k.
7
Suppose -3*m + 15 = -6*m, 0 = -2*t + 2*m + 36. Let f = -6 + t. Let j be f*8 + -2 + 1. What is the greatest common divisor of j and 11?
11
Let x(w) = -w**2 - 13*w - 10. Let n be 3/(2/2) + -13. Let v be x(n). What is the greatest common divisor of 8 and v?
4
Let u(n) = n**2 - n - 17. Let s be u(-8). What is the highest common divisor of 33 and s?
11
Let n be (-11 - -9)/((-1)/7). Let s(r) = 5*r**2 + 4*r + 6. Let o be s(-4). Calculate the greatest co